(-7). Suppose u*q - 3*d - 9 = 0, 4*q = -5*d + 6 + 6. Is q a composite number?
False
Let r = -3891 - -11720. Is r prime?
True
Suppose -2*c + 254 = -0*c. Is c a prime number?
True
Let k(r) = -5*r**2 - r + 1. Let j be k(1). Is (-3 - j - 3) + 60 a composite number?
False
Suppose 0 = 4*w + 7 + 1. Let v be (1 - w) + (40 - 1). Let u = 229 - v. Is u prime?
False
Suppose -2*x = -6*x. Let u(f) = f**3 - 2*f**2 - 4*f + 2. Let i be u(3). Is x/(2*i) - -19 a prime number?
True
Suppose 12*g - 2004 = 8*g. Is g a composite number?
True
Let u = 1427 + -532. Suppose -i + u = 4*i. Is i a prime number?
True
Let n(x) = -x**3 + 12*x**2 + 11*x + 7. Is n(10) a composite number?
False
Suppose 5*h = 2*r + 893, -3*r - 354 = -4*h + 366. Is h prime?
False
Let v = 121 + -74. Let l = v + 12. Is l a prime number?
True
Let n = 401 - 280. Is n a prime number?
False
Let y(i) = -1 + i + 5 - 4*i. Suppose 2*p + 4 = -2. Is y(p) prime?
True
Suppose 2*g + 3070 + 279 = 5*y, 3*y - 2022 = -3*g. Is y composite?
True
Suppose -6*n - 7231 = -21457. Is n composite?
False
Let w = 241 - 110. Is w composite?
False
Let z(i) = i**3 - 9*i**2 + 8*i + 3. Let d be z(8). Suppose -5*j = -2*l + 77, -j + 196 = 4*l + d*j. Is l composite?
True
Let l(t) = -53*t**3. Suppose -1 = a - 0*a. Is l(a) composite?
False
Let n(k) = -291*k + 53. Is n(-10) composite?
False
Let a be 10/(-1) - (-4 - -2). Let c = 2 - a. Suppose 4*m + 5*r = 3*m - c, 2*r - 35 = -3*m. Is m a prime number?
False
Let f be 6/1 + 0/2. Suppose f*d - 712 = 2*d. Is ((-4)/(-8))/(1/d) a composite number?
False
Suppose v - 18236 = 4*s - 8*s, 5*s - 5*v - 22795 = 0. Is s a prime number?
False
Suppose 4*w - 12 = 0, f + 29 = -3*f - w. Let h(b) = -b**2 - 7*b + 10. Is h(f) prime?
True
Is (0 - 4)*446/(-8) composite?
False
Is 1/(2/6) - -158 composite?
True
Let d = 9 + -5. Suppose -114 + 470 = d*y. Is y a composite number?
False
Suppose 0 = -0*m + 2*m - 16. Let w(k) = -k**3 - 13*k**2 + 14*k - 16. Let d be w(-14). Is (-2)/m + (-1556)/d a composite number?
False
Let v = 915 - 594. Let p be -2 + v + (1 - 1). Suppose p - 24 = l. Is l a composite number?
True
Suppose 0 = -36*l + 38*l - 914. Is l composite?
False
Let z(f) = 1361*f**3 + f**2 - 1. Is z(1) a prime number?
True
Suppose -4*s + 9 + 7 = 0. Suppose 0 = -2*z + 3*k + 371, 0 = -s*z + k - 0*k + 727. Is z a composite number?
False
Suppose 4 = z - x + 2, 5*x = 5. Let o be (3 - -3)/(z/82). Is -2 + o + 1*-1 prime?
False
Let i(y) = -y**3 + 18. Let c be i(0). Suppose -2*d - 2*d - 20 = 0. Let u = d + c. Is u composite?
False
Let l be (-6)/9*(-3 - 6). Let p = -9 + l. Is 7 + (-2 - (1 + p)) prime?
True
Suppose 2*l - 16 = l. Suppose 5*d - 20 = 3*s, -d + l = 2*s + 3*d. Suppose 30 = 2*n - s. Is n a composite number?
True
Let u(k) = k**2 - 11*k + 4. Let r be u(8). Is 186/10 - 8/r composite?
False
Let v(g) = -g - 4. Let k be v(-2). Let j = k - -4. Let i(t) = 6*t**3 - 3*t**2 + t - 1. Is i(j) composite?
False
Suppose 13 = -2*m - 1. Let h be (-82)/6 - (-2)/(-6). Let c = m - h. Is c a composite number?
False
Let u = -5 - -12. Suppose -f + u = d, -4*f + 0*d = -4*d + 12. Suppose f*n - 30 = a, -3*a = -3*n + 62 - 17. Is n prime?
False
Let v(l) = l**2 + 4*l + 5. Let m be v(-5). Suppose 0*h + 18 = -3*h. Let x = h + m. Is x a prime number?
False
Let l = -39 + 27. Let n be 1/(-4) + (-735)/l. Suppose -3*z + 60 = 3*v, -3*z + 0*z = 4*v - n. Is z composite?
False
Is (8/12 + 3)*3 prime?
True
Let c(m) be the first derivative of 75*m**4/2 - m**3/3 + m**2/2 - m - 5. Is c(1) a composite number?
False
Let f(c) = -16*c - 6. Let s be f(8). Let i be s*(3 + -1 - -2). Is i/(-10) - (-6)/(-10) prime?
True
Let t = -18 + 23. Suppose 5*f + 0*p - 40 = 3*p, -4*f + 19 = -t*p. Is f a prime number?
True
Let l(a) be the first derivative of -a**4/2 - 5*a**3/3 - 3*a**2/2 - 2*a - 3. Is l(-4) prime?
False
Suppose 0 = x - 2 + 5, -2*k - 3*x - 3 = 0. Suppose -4*p + 4*w + 93 = -w, -3*w - 69 = -k*p. Is p prime?
False
Let j(h) = -44*h - 13. Is j(-11) a composite number?
True
Let a(f) = 19*f - 2. Is a(3) composite?
True
Let d(x) = 25*x + 12. Is d(9) prime?
False
Suppose 3*h + 3*c - 75 - 504 = 0, 0 = 2*c - 6. Suppose 5*u + x = h, 3*u + 3*x = 6*u - 96. Is u a composite number?
False
Is 2151*(-4)/(-28) - 4/14 composite?
False
Suppose 481 + 467 = 6*u. Is u a composite number?
True
Let z = 4 - 3. Let d(f) = 374*f**2 - 1. Is d(z) composite?
False
Let f(j) = -j**2 + 3*j + 4*j**3 + 23*j**3 - 10*j - 1 + 4*j**2. Let o(z) = -28*z**3 - 2*z**2 + 6*z + 1. Let w(i) = 4*f(i) + 5*o(i). Is w(-1) composite?
True
Let f = 137 + -96. Suppose -t - 5 = -f. Suppose -4*c + 2*o + t = -44, 65 = 3*c + o. Is c composite?
True
Let o(b) = b + 9. Suppose 2*d = -8 - 8. Let k be o(d). Is ((-14)/(-4))/(k/2) composite?
False
Let q be 31 + 3 - (-2 - 0). Suppose -j = -q - 31. Is j a prime number?
True
Suppose 3*z - 2*z = 0. Suppose 0 = -5*p - 2*u + 18, u = p - z*u + 2. Is p prime?
True
Let q = 582 - 89. Is q prime?
False
Let r(t) = 18*t**2 + 2*t - 1. Is r(-2) prime?
True
Suppose 4*t - 1001 = 2579. Is t a prime number?
False
Suppose 0 = d - 3*d + 4. Let v = 45 - -108. Suppose 4*n - 4*k = -50 + 254, 0 = 3*n + d*k - v. Is n prime?
False
Suppose 4*p - 512 = -r - 3*r, 5*r = -3*p + 386. Is p a prime number?
True
Let u(x) = -x**3 - 9*x**2 - 7*x + 21. Is u(-10) a prime number?
True
Suppose 3*i + 18 = -4*j - 33, -2*j = -2*i + 36. Let q = j + 126. Is q prime?
False
Suppose 14 = 4*x + 534. Let a = x - -262. Suppose 3*b + 33 - a = 0. Is b a composite number?
True
Suppose 0 = i + i - 4. Suppose 3*s + i*s - 115 = 0. Is s a prime number?
True
Suppose -4*x - 5*d - 339 = -7*x, 0 = -4*x - d + 452. Is x a composite number?
False
Is 9/(-18) + (-3822)/(-4) composite?
True
Suppose 0 = 2*j + 3*q + q - 2, q = -3*j + 13. Let i(m) = -m**2 + 2 - 4*m + 0*m - 3*m**2 + j*m**2. Is i(9) a prime number?
True
Let m = 1737 + -664. Is m a prime number?
False
Suppose -3*s + 37 = -560. Is s a composite number?
False
Let h(p) = 57*p - 5. Let o(t) = -t - 1. Let b(z) = h(z) + 4*o(z). Let a be b(-7). Is a/(-12) - 2/3 prime?
True
Let b(t) = t**3 - 4*t**2 - 3*t - 3. Suppose -f - 27 = -5*n - 3, -3*f - n + 8 = 0. Let c(g) = 5*g**2 - g + 1. Let k be c(f). Is b(k) a prime number?
True
Let u be 3 + (-12)/(-4) + -2. Is (10/5)/(u/1082) composite?
False
Let i(z) be the first derivative of -3*z**4/4 - 11*z**3/3 - 2*z**2 + 3*z + 6. Is i(-7) a prime number?
True
Suppose 5*u - 8*u + 6 = 0. Is 7 - (u + -2)/1 a prime number?
True
Let g = 274 - 21. Is g a prime number?
False
Let v = 58 - -133. Is v a composite number?
False
Let b be 4/(-2) + 3 + -5. Is 2415/14*b/(-6) composite?
True
Suppose -6*l + 4202 = -4*l. Is l a prime number?
False
Suppose 173 = g - 158. Is g a prime number?
True
Suppose -3*v + 17 = -4. Let j = v - -192. Is j composite?
False
Suppose -4*v + 2*v = 20. Let m(x) = 5*x + 46. Let w be m(-5). Let k = w + v. Is k prime?
True
Let g(y) = y**3 - y + 3. Let n be g(0). Is (-3)/(n/(-41)) + -4 a composite number?
False
Suppose 5*z = d + 1067, 4*z = 2*z - 2*d + 434. Is z composite?
True
Suppose t + 4 = g - 0*t, 16 = 5*g - 4*t. Suppose -5*o + 11 + 1 = 4*z, -5*o + 20 = g. Is 0 + 14 - (-2)/z prime?
True
Let x be 932/26 + (-10)/(-65). Let l = 72 - x. Is 0/(-1) - (-1 - l) a prime number?
True
Let c(f) = f**3 + 5*f**2 - 8*f - 9. Let x be c(-6). Let l be x/((-6)/(-8) - 0). Suppose -2*z + 151 = 3*s - l*z, 4*z + 90 = 2*s. Is s a prime number?
True
Let y = -11 - -12. Let i(w) be the third derivative of 5*w**5/12 + w**4/24 - w**3/6 + w**2. Is i(y) composite?
True
Let s = -1865 + 3228. Is s a composite number?
True
Let v(z) = -106*z - 9. Let j(k) = -53*k - 4. Let g(m) = -9*j(m) + 4*v(m). Is g(5) prime?
False
Let i(x) = 3*x**2 + 6*x + 13. Is i(7) a composite number?
True
Suppose 2*b + 2*b - 8 = 0. Let c = 56 + -32. Let p = c - b. Is p a composite number?
True
Let v(r) = 15*r**2 + 7*r + 2. Let w be v(5). Suppose 5*l = l + w. Is l a prime number?
True
Suppose 1559 = 3*h + 338. Is h a composite number?
True
Let o(k) = k**2 - 2*k + 1. Let m(i) = -i - 3. Let q be m(-6). Let j be o(q). Suppose x + 0*x = j*n + 95, 0 = -x + 2*n + 99. Is x composite?
False
Suppose -3*f + 3*m + 978 = 0, 0*f + 5*f = m + 1650. Is f prime?
True
Let i(w) be the third derivative of w**4/24 + 3*w**3 + 2*w**2. Is i(-8) a composite number?
True
Let v(s) = 3*s + 5. Let m be v(5). Let w be m/4 - (0 + 0). Supp